{"id":10974,"date":"2023-04-27T17:03:48","date_gmt":"2023-04-27T15:03:48","guid":{"rendered":"https:\/\/kidlife.hu\/?page_id=10974"},"modified":"2024-02-06T23:21:33","modified_gmt":"2024-02-06T22:21:33","slug":"a-bekes-szulo-utja","status":"publish","type":"page","link":"https:\/\/kidlife.hu\/english\/idopontfoglalas\/a-bekes-szulo-utja\/","title":{"rendered":"A b\u00e9k\u00e9s sz\u00fcl\u0151 \u00fatja"},"content":{"rendered":"<p>Azonnali visszajelz\u00e9ssel<\/p>\n<h2>Id\u0151pontfoglal\u00e1s<\/h2>\n<h5>A b\u00e9k\u00e9s sz\u00fcl\u0151 \u00fatja &#8211; Online sz\u00fcl\u0151tr\u00e9ning<\/h5>\n\n<script>\n  if (typeof hasAmeliaAppointment === 'undefined') {\n    var hasAmeliaAppointment = true;\n  }\n  if (typeof hasAppointmentApiCall === 'undefined' && '' === '') {\n    var hasAppointmentApiCall = true;\n  }\n  var hasBookingShortcode = (typeof hasBookingShortcode === 'undefined') ? false : true;\n  var bookingEntitiesIds = (typeof bookingEntitiesIds === 'undefined') ? [] : bookingEntitiesIds;\n  bookingEntitiesIds.push(\n    {\n      'hasApiCall': (typeof hasAppointmentApiCall !== 'undefined') && hasAppointmentApiCall,\n      'trigger': '',\n      'show': '',\n      'counter': '0',\n      'category': '26',\n      'service': '',\n      'employee': '',\n      'location': ''\n    }\n  );\n  var lazyBookingEntitiesIds = (typeof lazyBookingEntitiesIds === 'undefined') ? [] : lazyBookingEntitiesIds;\n  if (bookingEntitiesIds[bookingEntitiesIds.length - 1].trigger !== '') {\n    lazyBookingEntitiesIds.push(bookingEntitiesIds.pop());\n  }\n  if (typeof hasAppointmentApiCall !== 'undefined' && hasAppointmentApiCall) {\n    hasAppointmentApiCall = false;\n  }\n<\/script>\n\n<div id=\"amelia-app-booking0\" class=\"amelia-booking amelia-frontend amelia-app-booking\">\n  <booking id=\"amelia-step-booking0\"><\/booking>\n<\/div>\n\n<p><a href=\"https:\/\/kidlife.hu\/altalanos-szerzodesi-feltetelek\/\">\u00c1ltal\u00e1nos Szerz\u0151d\u00e9si Felt\u00e9telek<\/a><\/p>\n","protected":false},"excerpt":{"rendered":"<p>Azonnali visszajelz\u00e9ssel Id\u0151pontfoglal\u00e1s A b\u00e9k\u00e9s sz\u00fcl\u0151 \u00fatja &#8211; Online sz\u00fcl\u0151tr\u00e9ning \u00c1ltal\u00e1nos Szerz\u0151d\u00e9si Felt\u00e9telek<\/p>","protected":false},"author":13,"featured_media":0,"parent":5272,"menu_order":0,"comment_status":"closed","ping_status":"closed","template":"","meta":{"footnotes":""},"class_list":["post-10974","page","type-page","status-publish","hentry"],"_elementor_template_sub_type":null,"_elementor_conditions":null,"_yoast_wpseo_primary_category":null,"_oembed_d944eacaa867b166ee36e1263fcdc055":null,"yoast_head":"<!-- This site is optimized with the Yoast SEO plugin v27.3 - https:\/\/yoast.com\/product\/yoast-seo-wordpress\/ -->\n<title>A b\u00e9k\u00e9s sz\u00fcl\u0151 \u00fatja - KidLife<\/title>\n<meta name=\"robots\" content=\"index, follow, max-snippet:-1, max-image-preview:large, max-video-preview:-1\" \/>\n<link rel=\"canonical\" href=\"https:\/\/kidlife.hu\/english\/idopontfoglalas\/a-bekes-szulo-utja\/\" \/>\n<meta property=\"og:locale\" content=\"en_GB\" \/>\n<meta property=\"og:type\" content=\"article\" \/>\n<meta property=\"og:title\" content=\"A b\u00e9k\u00e9s sz\u00fcl\u0151 \u00fatja - KidLife\" \/>\n<meta property=\"og:description\" content=\"Azonnali visszajelz\u00e9ssel Id\u0151pontfoglal\u00e1s A b\u00e9k\u00e9s sz\u00fcl\u0151 \u00fatja &#8211; Online sz\u00fcl\u0151tr\u00e9ning \u00c1ltal\u00e1nos Szerz\u0151d\u00e9si Felt\u00e9telek\" \/>\n<meta property=\"og:url\" content=\"https:\/\/kidlife.hu\/english\/idopontfoglalas\/a-bekes-szulo-utja\/\" \/>\n<meta property=\"og:site_name\" content=\"KidLife\" \/>\n<meta property=\"article:publisher\" content=\"https:\/\/www.facebook.com\/kidlifestudio\" \/>\n<meta property=\"article:modified_time\" content=\"2024-02-06T22:21:33+00:00\" \/>\n<meta name=\"twitter:card\" content=\"summary_large_image\" \/>\n<meta name=\"twitter:label1\" content=\"Estimated reading time\" \/>\n\t<meta name=\"twitter:data1\" content=\"1 minute\" \/>\n<script type=\"application\/ld+json\" class=\"yoast-schema-graph\">{\"@context\":\"https:\\\/\\\/schema.org\",\"@graph\":[{\"@type\":\"WebPage\",\"@id\":\"https:\\\/\\\/kidlife.hu\\\/idopontfoglalas\\\/a-bekes-szulo-utja\\\/\",\"url\":\"https:\\\/\\\/kidlife.hu\\\/idopontfoglalas\\\/a-bekes-szulo-utja\\\/\",\"name\":\"A b\u00e9k\u00e9s sz\u00fcl\u0151 \u00fatja - KidLife\",\"isPartOf\":{\"@id\":\"https:\\\/\\\/kidlife.hu\\\/#website\"},\"datePublished\":\"2023-04-27T15:03:48+00:00\",\"dateModified\":\"2024-02-06T22:21:33+00:00\",\"breadcrumb\":{\"@id\":\"https:\\\/\\\/kidlife.hu\\\/idopontfoglalas\\\/a-bekes-szulo-utja\\\/#breadcrumb\"},\"inLanguage\":\"en-GB\",\"potentialAction\":[{\"@type\":\"ReadAction\",\"target\":[\"https:\\\/\\\/kidlife.hu\\\/idopontfoglalas\\\/a-bekes-szulo-utja\\\/\"]}]},{\"@type\":\"BreadcrumbList\",\"@id\":\"https:\\\/\\\/kidlife.hu\\\/idopontfoglalas\\\/a-bekes-szulo-utja\\\/#breadcrumb\",\"itemListElement\":[{\"@type\":\"ListItem\",\"position\":1,\"name\":\"Kezd\u0151lap\",\"item\":\"https:\\\/\\\/kidlife.hu\\\/\"},{\"@type\":\"ListItem\",\"position\":2,\"name\":\"Id\u0151pontfoglal\u00e1s\",\"item\":\"https:\\\/\\\/kidlife.hu\\\/idopontfoglalas\\\/\"},{\"@type\":\"ListItem\",\"position\":3,\"name\":\"A b\u00e9k\u00e9s sz\u00fcl\u0151 \u00fatja\"}]},{\"@type\":\"WebSite\",\"@id\":\"https:\\\/\\\/kidlife.hu\\\/#website\",\"url\":\"https:\\\/\\\/kidlife.hu\\\/\",\"name\":\"KidLife\",\"description\":\"Gyermekpszichol\u00f3gia \u00e9s fejleszt\u00e9s\",\"publisher\":{\"@id\":\"https:\\\/\\\/kidlife.hu\\\/#organization\"},\"potentialAction\":[{\"@type\":\"SearchAction\",\"target\":{\"@type\":\"EntryPoint\",\"urlTemplate\":\"https:\\\/\\\/kidlife.hu\\\/?s={search_term_string}\"},\"query-input\":{\"@type\":\"PropertyValueSpecification\",\"valueRequired\":true,\"valueName\":\"search_term_string\"}}],\"inLanguage\":\"en-GB\"},{\"@type\":\"Organization\",\"@id\":\"https:\\\/\\\/kidlife.hu\\\/#organization\",\"name\":\"KidLife\",\"url\":\"https:\\\/\\\/kidlife.hu\\\/\",\"logo\":{\"@type\":\"ImageObject\",\"inLanguage\":\"en-GB\",\"@id\":\"https:\\\/\\\/kidlife.hu\\\/#\\\/schema\\\/logo\\\/image\\\/\",\"url\":\"https:\\\/\\\/kidlife.hu\\\/wp-content\\\/uploads\\\/kidlife-fb-profile-02.png\",\"contentUrl\":\"https:\\\/\\\/kidlife.hu\\\/wp-content\\\/uploads\\\/kidlife-fb-profile-02.png\",\"width\":1024,\"height\":1024,\"caption\":\"KidLife\"},\"image\":{\"@id\":\"https:\\\/\\\/kidlife.hu\\\/#\\\/schema\\\/logo\\\/image\\\/\"},\"sameAs\":[\"https:\\\/\\\/www.facebook.com\\\/kidlifestudio\"]}]}<\/script>\n<!-- \/ Yoast SEO plugin. -->","yoast_head_json":{"title":"A b\u00e9k\u00e9s sz\u00fcl\u0151 \u00fatja - KidLife","robots":{"index":"index","follow":"follow","max-snippet":"max-snippet:-1","max-image-preview":"max-image-preview:large","max-video-preview":"max-video-preview:-1"},"canonical":"https:\/\/kidlife.hu\/english\/idopontfoglalas\/a-bekes-szulo-utja\/","og_locale":"en_GB","og_type":"article","og_title":"A b\u00e9k\u00e9s sz\u00fcl\u0151 \u00fatja - KidLife","og_description":"Azonnali visszajelz\u00e9ssel Id\u0151pontfoglal\u00e1s A b\u00e9k\u00e9s sz\u00fcl\u0151 \u00fatja &#8211; Online sz\u00fcl\u0151tr\u00e9ning \u00c1ltal\u00e1nos Szerz\u0151d\u00e9si Felt\u00e9telek","og_url":"https:\/\/kidlife.hu\/english\/idopontfoglalas\/a-bekes-szulo-utja\/","og_site_name":"KidLife","article_publisher":"https:\/\/www.facebook.com\/kidlifestudio","article_modified_time":"2024-02-06T22:21:33+00:00","twitter_card":"summary_large_image","twitter_misc":{"Estimated reading time":"1 minute"},"schema":{"@context":"https:\/\/schema.org","@graph":[{"@type":"WebPage","@id":"https:\/\/kidlife.hu\/idopontfoglalas\/a-bekes-szulo-utja\/","url":"https:\/\/kidlife.hu\/idopontfoglalas\/a-bekes-szulo-utja\/","name":"A b\u00e9k\u00e9s sz\u00fcl\u0151 \u00fatja - KidLife","isPartOf":{"@id":"https:\/\/kidlife.hu\/#website"},"datePublished":"2023-04-27T15:03:48+00:00","dateModified":"2024-02-06T22:21:33+00:00","breadcrumb":{"@id":"https:\/\/kidlife.hu\/idopontfoglalas\/a-bekes-szulo-utja\/#breadcrumb"},"inLanguage":"en-GB","potentialAction":[{"@type":"ReadAction","target":["https:\/\/kidlife.hu\/idopontfoglalas\/a-bekes-szulo-utja\/"]}]},{"@type":"BreadcrumbList","@id":"https:\/\/kidlife.hu\/idopontfoglalas\/a-bekes-szulo-utja\/#breadcrumb","itemListElement":[{"@type":"ListItem","position":1,"name":"Kezd\u0151lap","item":"https:\/\/kidlife.hu\/"},{"@type":"ListItem","position":2,"name":"Id\u0151pontfoglal\u00e1s","item":"https:\/\/kidlife.hu\/idopontfoglalas\/"},{"@type":"ListItem","position":3,"name":"A b\u00e9k\u00e9s sz\u00fcl\u0151 \u00fatja"}]},{"@type":"WebSite","@id":"https:\/\/kidlife.hu\/#website","url":"https:\/\/kidlife.hu\/","name":"KidLife","description":"Gyermekpszichol\u00f3gia \u00e9s fejleszt\u00e9s","publisher":{"@id":"https:\/\/kidlife.hu\/#organization"},"potentialAction":[{"@type":"SearchAction","target":{"@type":"EntryPoint","urlTemplate":"https:\/\/kidlife.hu\/?s={search_term_string}"},"query-input":{"@type":"PropertyValueSpecification","valueRequired":true,"valueName":"search_term_string"}}],"inLanguage":"en-GB"},{"@type":"Organization","@id":"https:\/\/kidlife.hu\/#organization","name":"KidLife","url":"https:\/\/kidlife.hu\/","logo":{"@type":"ImageObject","inLanguage":"en-GB","@id":"https:\/\/kidlife.hu\/#\/schema\/logo\/image\/","url":"https:\/\/kidlife.hu\/wp-content\/uploads\/kidlife-fb-profile-02.png","contentUrl":"https:\/\/kidlife.hu\/wp-content\/uploads\/kidlife-fb-profile-02.png","width":1024,"height":1024,"caption":"KidLife"},"image":{"@id":"https:\/\/kidlife.hu\/#\/schema\/logo\/image\/"},"sameAs":["https:\/\/www.facebook.com\/kidlifestudio"]}]}},"_links":{"self":[{"href":"https:\/\/kidlife.hu\/english\/wp-json\/wp\/v2\/pages\/10974","targetHints":{"allow":["GET"]}}],"collection":[{"href":"https:\/\/kidlife.hu\/english\/wp-json\/wp\/v2\/pages"}],"about":[{"href":"https:\/\/kidlife.hu\/english\/wp-json\/wp\/v2\/types\/page"}],"author":[{"embeddable":true,"href":"https:\/\/kidlife.hu\/english\/wp-json\/wp\/v2\/users\/13"}],"replies":[{"embeddable":true,"href":"https:\/\/kidlife.hu\/english\/wp-json\/wp\/v2\/comments?post=10974"}],"version-history":[{"count":0,"href":"https:\/\/kidlife.hu\/english\/wp-json\/wp\/v2\/pages\/10974\/revisions"}],"up":[{"embeddable":true,"href":"https:\/\/kidlife.hu\/english\/wp-json\/wp\/v2\/pages\/5272"}],"wp:attachment":[{"href":"https:\/\/kidlife.hu\/english\/wp-json\/wp\/v2\/media?parent=10974"}],"curies":[{"name":"wp","href":"https:\/\/api.w.org\/{rel}","templated":true}]}}