{"id":24986,"date":"2026-01-09T11:37:38","date_gmt":"2026-01-09T10:37:38","guid":{"rendered":"https:\/\/kidlife.hu\/?page_id=24986"},"modified":"2026-01-09T12:11:19","modified_gmt":"2026-01-09T11:11:19","slug":"eeszt","status":"publish","type":"page","link":"https:\/\/kidlife.hu\/english\/eeszt\/","title":{"rendered":"EESZT"},"content":{"rendered":"<div data-elementor-type=\"wp-page\" data-elementor-id=\"24986\" class=\"elementor elementor-24986\" data-elementor-post-type=\"page\">\n\t\t\t\t\t\t<section class=\"elementor-section elementor-top-section elementor-element elementor-element-eb11072 elementor-section-stretched elementor-section-boxed elementor-section-height-default elementor-section-height-default\" data-id=\"eb11072\" data-element_type=\"section\" data-e-type=\"section\" data-settings=\"{&quot;stretch_section&quot;:&quot;section-stretched&quot;,&quot;background_background&quot;:&quot;classic&quot;}\">\n\t\t\t\t\t\t<div class=\"elementor-container elementor-column-gap-no\">\n\t\t\t\t\t<div class=\"elementor-column elementor-col-100 elementor-top-column elementor-element elementor-element-746d35c\" data-id=\"746d35c\" data-element_type=\"column\" data-e-type=\"column\" data-settings=\"{&quot;background_background&quot;:&quot;classic&quot;}\">\n\t\t\t<div class=\"elementor-widget-wrap elementor-element-populated\">\n\t\t\t\t\t\t<section class=\"elementor-section elementor-inner-section elementor-element elementor-element-6c0d832 elementor-section-boxed elementor-section-height-default elementor-section-height-default\" data-id=\"6c0d832\" data-element_type=\"section\" data-e-type=\"section\" data-settings=\"{&quot;background_background&quot;:&quot;classic&quot;}\">\n\t\t\t\t\t\t<div class=\"elementor-container elementor-column-gap-default\">\n\t\t\t\t\t<div class=\"elementor-column elementor-col-100 elementor-inner-column elementor-element elementor-element-cf1282e\" data-id=\"cf1282e\" data-element_type=\"column\" data-e-type=\"column\" data-settings=\"{&quot;background_background&quot;:&quot;classic&quot;}\">\n\t\t\t<div class=\"elementor-widget-wrap elementor-element-populated\">\n\t\t\t\t\t\t<div class=\"elementor-element elementor-element-a44f0ea elementor-widget elementor-widget-text-editor\" data-id=\"a44f0ea\" data-element_type=\"widget\" data-e-type=\"widget\" data-widget_type=\"text-editor.default\">\n\t\t\t\t<div class=\"elementor-widget-container\">\n\t\t\t\t\t\t\t\t\t<h2>T\u00e1j\u00e9koztat\u00f3 az EESZT-be t\u00f6rt\u00e9n\u0151 adatfelt\u00f6lt\u00e9sr\u0151l<\/h2><p>Gyermekpszichol\u00f3giai rendel\u0151k\u00e9nt pszichi\u00e1triai jelleg\u0171 eg\u00e9szs\u00e9g\u00fcgyi vizsg\u00e1latokat is v\u00e9gz\u00fcnk. Fontos sz\u00e1munkra a megfelel\u0151 t\u00e1j\u00e9koztat\u00e1s \u00e9s az \u00e1tl\u00e1that\u00f3 adatkezel\u00e9s, ez\u00e9rt az al\u00e1bbiakban \u00f6sszefoglaltuk, hogyan t\u00f6rt\u00e9nik az adatok felvitele az Elektronikus Eg\u00e9szs\u00e9g\u00fcgyi Szolg\u00e1ltat\u00e1si T\u00e9rbe (EESZT), \u00e9s milyen jogok illetik meg a sz\u00fcl\u0151ket \u00e9s gyermekeiket.<\/p>\t\t\t\t\t\t\t\t<\/div>\n\t\t\t\t<\/div>\n\t\t\t\t<div class=\"elementor-element elementor-element-21ea24e elementor-widget-divider--view-line elementor-widget elementor-widget-divider\" data-id=\"21ea24e\" data-element_type=\"widget\" data-e-type=\"widget\" data-widget_type=\"divider.default\">\n\t\t\t\t<div class=\"elementor-widget-container\">\n\t\t\t\t\t\t\t<div class=\"elementor-divider\">\n\t\t\t<span class=\"elementor-divider-separator\">\n\t\t\t\t\t\t<\/span>\n\t\t<\/div>\n\t\t\t\t\t\t<\/div>\n\t\t\t\t<\/div>\n\t\t\t\t<div class=\"elementor-element elementor-element-6aa7b31 elementor-widget elementor-widget-text-editor\" data-id=\"6aa7b31\" data-element_type=\"widget\" data-e-type=\"widget\" data-widget_type=\"text-editor.default\">\n\t\t\t\t<div class=\"elementor-widget-container\">\n\t\t\t\t\t\t\t\t\t<h4 data-start=\"524\" data-end=\"546\"><strong data-start=\"527\" data-end=\"546\">Mi az az EESZT?<\/strong><\/h4><p data-start=\"548\" data-end=\"828\">Az Elektronikus Eg\u00e9szs\u00e9g\u00fcgyi Szolg\u00e1ltat\u00e1si T\u00e9r (r\u00f6viden EESZT) Magyarorsz\u00e1g k\u00f6zponti eg\u00e9szs\u00e9g\u00fcgyi inform\u00e1ci\u00f3s rendszere.<br data-start=\"672\" data-end=\"675\" \/>C\u00e9lja, hogy biztons\u00e1gosan t\u00e1rolja a p\u00e1ciensek eg\u00e9szs\u00e9g\u00fcgyi adatait, \u00e9s el\u00e9rhet\u0151v\u00e9 tegye azokat az ell\u00e1t\u00e1sban r\u00e9szt vev\u0151 eg\u00e9szs\u00e9g\u00fcgyi szakemberek sz\u00e1m\u00e1ra.<\/p><hr data-start=\"830\" data-end=\"833\" \/><h4 data-start=\"835\" data-end=\"912\">Mi\u00e9rt ker\u00fclnek fel a pszichi\u00e1triai vizsg\u00e1latok eredm\u00e9nyei az EESZT-be?<\/h4><p data-start=\"914\" data-end=\"1193\">A hat\u00e1lyos magyar jogszab\u00e1lyok szerint a pszichi\u00e1triai vizsg\u00e1latr\u00f3l k\u00e9sz\u00fclt eg\u00e9szs\u00e9g\u00fcgyi dokumentumokat fel kell t\u00f6lteni az EESZT rendszerbe.<br data-start=\"1059\" data-end=\"1062\" \/>Ez orsz\u00e1gos \u00e9rv\u00e9ny\u0171 adatszolg\u00e1ltat\u00e1si k\u00f6telezetts\u00e9g, amely minden EESZT-hez csatlakozott eg\u00e9szs\u00e9g\u00fcgyi szolg\u00e1ltat\u00f3ra vonatkozik.<\/p><p data-start=\"1195\" data-end=\"1280\">Fontos kiemelni, hogy ez nem v\u00e1laszt\u00e1si opci\u00f3, \u00e9s al\u00f3la nem adhat\u00f3 felment\u00e9s.<\/p><hr data-start=\"1282\" data-end=\"1285\" \/><h4 data-start=\"1287\" data-end=\"1341\"><strong data-start=\"1290\" data-end=\"1341\">Milyen adatok sz\u00e1m\u00edtanak k\u00fcl\u00f6n\u00f6sen \u00e9rz\u00e9kenynek?<\/strong><\/h4><p data-start=\"1343\" data-end=\"1451\">A pszichi\u00e1triai jelleg\u0171 eg\u00e9szs\u00e9g\u00fcgyi adatok a jog szerint k\u00fcl\u00f6nleges, kiemelten v\u00e9dett szem\u00e9lyes adatok.<\/p><p data-start=\"1453\" data-end=\"1474\">Ez azt jelenti, hogy:<\/p><p data-start=\"1478\" data-end=\"1527\">+ kezel\u00e9se szigor\u00fa adatv\u00e9delmi el\u0151\u00edr\u00e1sokhoz k\u00f6t\u00f6tt,<br \/>+ kiz\u00e1r\u00f3lag meghat\u00e1rozott eg\u00e9szs\u00e9g\u00fcgyi c\u00e9lb\u00f3l haszn\u00e1lhat\u00f3,<br \/>+ a betegjogok kiemelt v\u00e9delemben r\u00e9szes\u00fclnek.<\/p><hr data-start=\"1635\" data-end=\"1638\" \/><h4 data-start=\"1640\" data-end=\"1684\">Ki f\u00e9rhet hozz\u00e1 ezekhez az adatokhoz?<\/h4><p data-start=\"1686\" data-end=\"1807\">Az EESZT-be felt\u00f6lt\u00f6tt eg\u00e9szs\u00e9g\u00fcgyi adatokhoz alapvet\u0151en csak azok az eg\u00e9szs\u00e9g\u00fcgyi szakemberek f\u00e9rhetnek hozz\u00e1, akik:+ k\u00f6zvetlen\u00fcl r\u00e9szt vesznek a gyermek ell\u00e1t\u00e1s\u00e1ban,<br \/>+ rendelkeznek megfelel\u0151 szakmai jogosults\u00e1ggal,<br \/>+ eg\u00e9szs\u00e9g\u00fcgyi c\u00e9lb\u00f3l haszn\u00e1lj\u00e1k az adatokat.<\/p><p data-start=\"1960\" data-end=\"2028\">Minden lek\u00e9rdez\u00e9s napl\u00f3z\u00e1sra ker\u00fcl, teh\u00e1t visszakereshet\u0151, hogy:<br \/>+ ki,<br \/>+ mikor,<br \/>+ milyen adathoz f\u00e9rt hozz\u00e1.<\/p><p data-start=\"2075\" data-end=\"2180\">A sz\u00fcl\u0151 (t\u00f6rv\u00e9nyes k\u00e9pvisel\u0151) az \u00dcgyf\u00e9lkapun kereszt\u00fcl meg is tekintheti ezeket a napl\u00f3bejegyz\u00e9seket.<\/p><hr data-start=\"2182\" data-end=\"2185\" \/><h4 data-start=\"2187\" data-end=\"2237\">Kik nem f\u00e9rhetnek hozz\u00e1 az EESZT adatokhoz?<\/h4><p data-start=\"2239\" data-end=\"2307\">Az EESZT-ben t\u00e1rolt pszichi\u00e1triai adatokhoz nem f\u00e9rhetnek hozz\u00e1:<\/p><p data-start=\"2311\" data-end=\"2338\">+ pedag\u00f3giai szakszolg\u00e1latok,<br \/>+ oktat\u00e1si int\u00e9zm\u00e9nyek (iskol\u00e1k, \u00f3vod\u00e1k),<br \/>+ szoci\u00e1lis szervek,<br \/>+ foglalkoztat\u00f3k,<br \/>+ b\u00edr\u00f3s\u00e1gok, hat\u00f3s\u00e1gok,<br \/>+ m\u00e1s \u00e1llami hivatalok vagy int\u00e9zm\u00e9nyek.<\/p><p data-start=\"2486\" data-end=\"2547\">Az adatok kiz\u00e1r\u00f3lag eg\u00e9szs\u00e9g\u00fcgyi c\u00e9lb\u00f3l haszn\u00e1lhat\u00f3k fel.<\/p><hr data-start=\"2549\" data-end=\"2552\" \/><h4 data-start=\"2554\" data-end=\"2587\">A sz\u00fcl\u0151k adatv\u00e9delmi jogai<\/h4><p data-start=\"2589\" data-end=\"2651\">Sz\u00fcl\u0151k\u00e9nt\/t\u00f6rv\u00e9nyes k\u00e9pvisel\u0151k\u00e9nt az al\u00e1bbi jogok illetik meg:<\/p><p>\u2714 megismerheti a gyermek eg\u00e9szs\u00e9g\u00fcgyi dokument\u00e1ci\u00f3j\u00e1t,<br data-start=\"2707\" data-end=\"2710\" \/>\u2714 t\u00e1j\u00e9koztat\u00e1st k\u00e9rhet az adatkezel\u00e9s m\u00f3dj\u00e1r\u00f3l,<br data-start=\"2757\" data-end=\"2760\" \/>\u2714 lek\u00e9rdezheti az adat-hozz\u00e1f\u00e9r\u00e9si napl\u00f3t,<br data-start=\"2802\" data-end=\"2805\" \/>\u2714 digit\u00e1lis \u00f6nrendelkez\u00e9s keret\u00e9ben be\u00e1ll\u00edthatja, hogy:<\/p><p data-start=\"2868\" data-end=\"2871\">+ ki,<br \/>+ milyen adatokhoz,<br \/>+ milyen k\u00f6rben f\u00e9rhet hozz\u00e1.<\/p><hr data-start=\"2923\" data-end=\"2926\" \/><h4 data-start=\"2928\" data-end=\"2962\"><strong data-start=\"2931\" data-end=\"2962\">Mi\u00e9rt fontos ez a rendszer?<\/strong><\/h4><p data-start=\"2964\" data-end=\"2979\">Az EESZT c\u00e9lja:<\/p><p data-start=\"2983\" data-end=\"3009\">+ a biztons\u00e1gos adatkezel\u00e9s,<br \/>+ az ell\u00e1t\u00e1s folyamatoss\u00e1g\u00e1nak biztos\u00edt\u00e1sa,<br \/>+ a t\u00e9ves vagy hi\u00e1nyos inform\u00e1ci\u00f3kb\u00f3l ered\u0151 kock\u00e1zatok cs\u00f6kkent\u00e9se,<br \/>+ a gyermek ell\u00e1t\u00e1s\u00e1nak jav\u00edt\u00e1sa.<\/p>\t\t\t\t\t\t\t\t<\/div>\n\t\t\t\t<\/div>\n\t\t\t\t<div class=\"elementor-element elementor-element-1676565 elementor-widget-divider--view-line elementor-widget elementor-widget-divider\" data-id=\"1676565\" data-element_type=\"widget\" data-e-type=\"widget\" data-widget_type=\"divider.default\">\n\t\t\t\t<div class=\"elementor-widget-container\">\n\t\t\t\t\t\t\t<div class=\"elementor-divider\">\n\t\t\t<span class=\"elementor-divider-separator\">\n\t\t\t\t\t\t<\/span>\n\t\t<\/div>\n\t\t\t\t\t\t<\/div>\n\t\t\t\t<\/div>\n\t\t\t\t<div class=\"elementor-element elementor-element-6168b10 elementor-widget elementor-widget-text-editor\" data-id=\"6168b10\" data-element_type=\"widget\" data-e-type=\"widget\" data-widget_type=\"text-editor.default\">\n\t\t\t\t<div class=\"elementor-widget-container\">\n\t\t\t\t\t\t\t\t\t<h4 data-start=\"3524\" data-end=\"3554\"><strong data-start=\"3527\" data-end=\"3554\">Tov\u00e1bbi k\u00e9rd\u00e9sek eset\u00e9n<\/strong><\/h4><p data-start=\"3556\" data-end=\"3759\">Sz\u00edvesen seg\u00edt\u00fcnk b\u00e1rmilyen felmer\u00fcl\u0151 k\u00e9rd\u00e9s megv\u00e1laszol\u00e1s\u00e1ban.<br data-start=\"3619\" data-end=\"3622\" \/>Meg\u00e9rtj\u00fck, hogy az adatkezel\u00e9si t\u00e9m\u00e1k gyakran \u00e9rz\u00e9kenyek, \u00e9s fontos sz\u00e1munkra, hogy a sz\u00fcl\u0151k biztons\u00e1gban \u00e9s inform\u00e1ltan \u00e9rezz\u00e9k magukat.<\/p><p data-start=\"3556\" data-end=\"3759\">Keressenek benn\u00fcnket az al\u00e1bbi el\u00e9rhet\u0151s\u00e9gek b\u00e1rmelyik\u00e9n:<\/p><p data-start=\"3556\" data-end=\"3759\">Email: <a href=\"mailto:hello@kidlife.hu\"><strong>hello@kidlife.hu<\/strong><\/a><br \/>Telefon: <a href=\"tel:+36301774242\"><strong>+36 30 177 4242<\/strong><\/a><\/p>\t\t\t\t\t\t\t\t<\/div>\n\t\t\t\t<\/div>\n\t\t\t\t<div class=\"elementor-element elementor-element-6357847 elementor-widget-divider--view-line elementor-widget elementor-widget-divider\" data-id=\"6357847\" data-element_type=\"widget\" data-e-type=\"widget\" data-widget_type=\"divider.default\">\n\t\t\t\t<div class=\"elementor-widget-container\">\n\t\t\t\t\t\t\t<div class=\"elementor-divider\">\n\t\t\t<span class=\"elementor-divider-separator\">\n\t\t\t\t\t\t<\/span>\n\t\t<\/div>\n\t\t\t\t\t\t<\/div>\n\t\t\t\t<\/div>\n\t\t\t\t<div class=\"elementor-element elementor-element-c4ae1f3 elementor-widget elementor-widget-text-editor\" data-id=\"c4ae1f3\" data-element_type=\"widget\" data-e-type=\"widget\" data-widget_type=\"text-editor.default\">\n\t\t\t\t<div class=\"elementor-widget-container\">\n\t\t\t\t\t\t\t\t\t<h4>Bel\u00e9p\u00e9si seg\u00edts\u00e9g az EESZT-hez<\/h4><p>\u00a0<\/p>\t\t\t\t\t\t\t\t<\/div>\n\t\t\t\t<\/div>\n\t\t\t\t<div class=\"elementor-element elementor-element-328f71c elementor-widget elementor-widget-button\" data-id=\"328f71c\" data-element_type=\"widget\" data-e-type=\"widget\" data-widget_type=\"button.default\">\n\t\t\t\t<div class=\"elementor-widget-container\">\n\t\t\t\t\t        <div class=\"elementor-button-wrapper elementor-button-primary\">\n            <a href=\"https:\/\/kidlife.hu\/english\/eeszt-belepes\/\" class=\"elementor-button-link elementor-button elementor-size-md\" role=\"button\">\n                \t\t<span class=\"elementor-button-content-wrapper\">\n\t\t\t\t\t\t<span class=\"elementor-button-icon\">\n\t\t\t\t\t\t\t\t\t<i class=\"opal-icon-arrow-right\" aria-hidden=\"true\"><\/i>\n\t\t\t\t\t\t\t<\/span>\n\t\t\t\t\t\t\t\t\t<span class=\"elementor-button-text\">R\u00e9szletes le\u00edr\u00e1s az EESZT-be t\u00f6rt\u00e9n\u0151 bel\u00e9p\u00e9shez<\/span>\n\t\t\t\t\t<\/span>\n\t\t            <\/a>\n        <\/div>\n        \t\t\t\t<\/div>\n\t\t\t\t<\/div>\n\t\t\t\t\t<\/div>\n\t\t<\/div>\n\t\t\t\t\t<\/div>\n\t\t<\/section>\n\t\t\t\t<div class=\"elementor-element elementor-element-d09b9b6 elementor-widget elementor-widget-button\" data-id=\"d09b9b6\" data-element_type=\"widget\" data-e-type=\"widget\" data-widget_type=\"button.default\">\n\t\t\t\t<div class=\"elementor-widget-container\">\n\t\t\t\t\t        <div class=\"elementor-button-wrapper elementor-button-primary\">\n            <a href=\"#\" class=\"elementor-button-link elementor-button elementor-size-md\" role=\"button\">\n                \t\t<span class=\"elementor-button-content-wrapper\">\n\t\t\t\t\t\t<span class=\"elementor-button-icon\">\n\t\t\t\t\t\t\t\t\t<i class=\"opal-icon-arrow-right\" aria-hidden=\"true\"><\/i>\n\t\t\t\t\t\t\t<\/span>\n\t\t\t\t\t\t\t\t\t<span class=\"elementor-button-text\">Click here<\/span>\n\t\t\t\t\t<\/span>\n\t\t            <\/a>\n        <\/div>\n        \t\t\t\t<\/div>\n\t\t\t\t<\/div>\n\t\t\t\t\t<\/div>\n\t\t<\/div>\n\t\t\t\t\t<\/div>\n\t\t<\/section>\n\t\t\t\t<\/div>","protected":false},"excerpt":{"rendered":"<p>T\u00e1j\u00e9koztat\u00f3 az EESZT-be t\u00f6rt\u00e9n\u0151 adatfelt\u00f6lt\u00e9sr\u0151l Gyermekpszichol\u00f3giai rendel\u0151k\u00e9nt pszichi\u00e1triai jelleg\u0171 eg\u00e9szs\u00e9g\u00fcgyi vizsg\u00e1latokat is v\u00e9gz\u00fcnk. Fontos sz\u00e1munkra a megfelel\u0151 t\u00e1j\u00e9koztat\u00e1s \u00e9s az \u00e1tl\u00e1that\u00f3 adatkezel\u00e9s, ez\u00e9rt az al\u00e1bbiakban \u00f6sszefoglaltuk, hogyan t\u00f6rt\u00e9nik az adatok felvitele az Elektronikus Eg\u00e9szs\u00e9g\u00fcgyi Szolg\u00e1ltat\u00e1si T\u00e9rbe (EESZT), \u00e9s milyen jogok illetik meg a sz\u00fcl\u0151ket \u00e9s gyermekeiket. Mi az az EESZT? Az Elektronikus Eg\u00e9szs\u00e9g\u00fcgyi Szolg\u00e1ltat\u00e1si T\u00e9r &hellip; <\/p>\n<p class=\"link-more\"><a href=\"https:\/\/kidlife.hu\/english\/eeszt\/\" class=\"more-link\">Read More <span class=\"screen-reader-text\"> &#8220;EESZT&#8221;<\/span><span class=\"opal-icon opal-icon-arrow-alt-circle-right\"><\/span><\/a><\/p>","protected":false},"author":13,"featured_media":0,"parent":0,"menu_order":0,"comment_status":"closed","ping_status":"closed","template":"page-elementor.php","meta":{"footnotes":""},"class_list":["post-24986","page","type-page","status-publish","hentry"],"_elementor_template_sub_type":null,"_elementor_conditions":null,"_yoast_wpseo_primary_category":null,"_oembed_d944eacaa867b166ee36e1263fcdc055":null,"yoast_head":"<!-- This site is optimized with the Yoast SEO plugin v27.1.1 - https:\/\/yoast.com\/product\/yoast-seo-wordpress\/ -->\n<title>EESZT - KidLife<\/title>\n<meta name=\"description\" content=\"T\u00e1j\u00e9koztat\u00f3 a gyermekpszichi\u00e1triai vizsg\u00e1latok EESZT-be t\u00f6rt\u00e9n\u0151 felt\u00f6lt\u00e9s\u00e9r\u0151l, adatv\u00e9delemr\u0151l \u00e9s sz\u00fcl\u0151i jogokr\u00f3l. Biztons\u00e1gos, jogszab\u00e1lyos ell\u00e1t\u00e1s.\" \/>\n<meta name=\"robots\" content=\"index, follow, max-snippet:-1, max-image-preview:large, max-video-preview:-1\" \/>\n<link rel=\"canonical\" href=\"https:\/\/kidlife.hu\/english\/eeszt\/\" \/>\n<meta property=\"og:locale\" content=\"en_GB\" \/>\n<meta property=\"og:type\" content=\"article\" \/>\n<meta property=\"og:title\" content=\"EESZT\" \/>\n<meta property=\"og:description\" content=\"T\u00e1j\u00e9koztat\u00f3 a gyermekpszichi\u00e1triai vizsg\u00e1latok EESZT-be t\u00f6rt\u00e9n\u0151 felt\u00f6lt\u00e9s\u00e9r\u0151l, adatv\u00e9delemr\u0151l \u00e9s sz\u00fcl\u0151i jogokr\u00f3l. Biztons\u00e1gos, jogszab\u00e1lyos ell\u00e1t\u00e1s.\" \/>\n<meta property=\"og:url\" content=\"https:\/\/kidlife.hu\/english\/eeszt\/\" \/>\n<meta property=\"og:site_name\" content=\"KidLife\" \/>\n<meta property=\"article:publisher\" content=\"https:\/\/www.facebook.com\/kidlifestudio\" \/>\n<meta property=\"article:modified_time\" content=\"2026-01-09T11:11:19+00:00\" \/>\n<meta property=\"og:image\" content=\"https:\/\/kidlife.hu\/wp-content\/uploads\/kidlife-fb-profile-02-1.jpg\" \/>\n\t<meta property=\"og:image:width\" content=\"1024\" \/>\n\t<meta property=\"og:image:height\" content=\"1024\" \/>\n\t<meta property=\"og:image:type\" content=\"image\/jpeg\" \/>\n<meta name=\"twitter:card\" content=\"summary_large_image\" \/>\n<meta name=\"twitter:label1\" content=\"Estimated reading time\" \/>\n\t<meta name=\"twitter:data1\" content=\"3 minutes\" \/>\n<script type=\"application\/ld+json\" class=\"yoast-schema-graph\">{\"@context\":\"https:\/\/schema.org\",\"@graph\":[{\"@type\":\"WebPage\",\"@id\":\"https:\/\/kidlife.hu\/eeszt\/\",\"url\":\"https:\/\/kidlife.hu\/eeszt\/\",\"name\":\"EESZT - KidLife\",\"isPartOf\":{\"@id\":\"https:\/\/kidlife.hu\/#website\"},\"datePublished\":\"2026-01-09T10:37:38+00:00\",\"dateModified\":\"2026-01-09T11:11:19+00:00\",\"description\":\"T\u00e1j\u00e9koztat\u00f3 a gyermekpszichi\u00e1triai vizsg\u00e1latok EESZT-be t\u00f6rt\u00e9n\u0151 felt\u00f6lt\u00e9s\u00e9r\u0151l, adatv\u00e9delemr\u0151l \u00e9s sz\u00fcl\u0151i jogokr\u00f3l. Biztons\u00e1gos, jogszab\u00e1lyos ell\u00e1t\u00e1s.\",\"breadcrumb\":{\"@id\":\"https:\/\/kidlife.hu\/eeszt\/#breadcrumb\"},\"inLanguage\":\"en-GB\",\"potentialAction\":[{\"@type\":\"ReadAction\",\"target\":[\"https:\/\/kidlife.hu\/eeszt\/\"]}]},{\"@type\":\"BreadcrumbList\",\"@id\":\"https:\/\/kidlife.hu\/eeszt\/#breadcrumb\",\"itemListElement\":[{\"@type\":\"ListItem\",\"position\":1,\"name\":\"Kezd\u0151lap\",\"item\":\"https:\/\/kidlife.hu\/\"},{\"@type\":\"ListItem\",\"position\":2,\"name\":\"EESZT\"}]},{\"@type\":\"WebSite\",\"@id\":\"https:\/\/kidlife.hu\/#website\",\"url\":\"https:\/\/kidlife.hu\/\",\"name\":\"KidLife\",\"description\":\"Gyermekpszichol\u00f3gia \u00e9s fejleszt\u00e9s\",\"publisher\":{\"@id\":\"https:\/\/kidlife.hu\/#organization\"},\"potentialAction\":[{\"@type\":\"SearchAction\",\"target\":{\"@type\":\"EntryPoint\",\"urlTemplate\":\"https:\/\/kidlife.hu\/?s={search_term_string}\"},\"query-input\":{\"@type\":\"PropertyValueSpecification\",\"valueRequired\":true,\"valueName\":\"search_term_string\"}}],\"inLanguage\":\"en-GB\"},{\"@type\":\"Organization\",\"@id\":\"https:\/\/kidlife.hu\/#organization\",\"name\":\"KidLife\",\"url\":\"https:\/\/kidlife.hu\/\",\"logo\":{\"@type\":\"ImageObject\",\"inLanguage\":\"en-GB\",\"@id\":\"https:\/\/kidlife.hu\/#\/schema\/logo\/image\/\",\"url\":\"https:\/\/kidlife.hu\/wp-content\/uploads\/kidlife-fb-profile-02.png\",\"contentUrl\":\"https:\/\/kidlife.hu\/wp-content\/uploads\/kidlife-fb-profile-02.png\",\"width\":1024,\"height\":1024,\"caption\":\"KidLife\"},\"image\":{\"@id\":\"https:\/\/kidlife.hu\/#\/schema\/logo\/image\/\"},\"sameAs\":[\"https:\/\/www.facebook.com\/kidlifestudio\"]}]}<\/script>\n<!-- \/ Yoast SEO plugin. -->","yoast_head_json":{"title":"EESZT - KidLife","description":"T\u00e1j\u00e9koztat\u00f3 a gyermekpszichi\u00e1triai vizsg\u00e1latok EESZT-be t\u00f6rt\u00e9n\u0151 felt\u00f6lt\u00e9s\u00e9r\u0151l, adatv\u00e9delemr\u0151l \u00e9s sz\u00fcl\u0151i jogokr\u00f3l. Biztons\u00e1gos, jogszab\u00e1lyos ell\u00e1t\u00e1s.","robots":{"index":"index","follow":"follow","max-snippet":"max-snippet:-1","max-image-preview":"max-image-preview:large","max-video-preview":"max-video-preview:-1"},"canonical":"https:\/\/kidlife.hu\/english\/eeszt\/","og_locale":"en_GB","og_type":"article","og_title":"EESZT","og_description":"T\u00e1j\u00e9koztat\u00f3 a gyermekpszichi\u00e1triai vizsg\u00e1latok EESZT-be t\u00f6rt\u00e9n\u0151 felt\u00f6lt\u00e9s\u00e9r\u0151l, adatv\u00e9delemr\u0151l \u00e9s sz\u00fcl\u0151i jogokr\u00f3l. Biztons\u00e1gos, jogszab\u00e1lyos ell\u00e1t\u00e1s.","og_url":"https:\/\/kidlife.hu\/english\/eeszt\/","og_site_name":"KidLife","article_publisher":"https:\/\/www.facebook.com\/kidlifestudio","article_modified_time":"2026-01-09T11:11:19+00:00","og_image":[{"width":1024,"height":1024,"url":"https:\/\/kidlife.hu\/wp-content\/uploads\/kidlife-fb-profile-02-1.jpg","type":"image\/jpeg"}],"twitter_card":"summary_large_image","twitter_misc":{"Estimated reading time":"3 minutes"},"schema":{"@context":"https:\/\/schema.org","@graph":[{"@type":"WebPage","@id":"https:\/\/kidlife.hu\/eeszt\/","url":"https:\/\/kidlife.hu\/eeszt\/","name":"EESZT - KidLife","isPartOf":{"@id":"https:\/\/kidlife.hu\/#website"},"datePublished":"2026-01-09T10:37:38+00:00","dateModified":"2026-01-09T11:11:19+00:00","description":"T\u00e1j\u00e9koztat\u00f3 a gyermekpszichi\u00e1triai vizsg\u00e1latok EESZT-be t\u00f6rt\u00e9n\u0151 felt\u00f6lt\u00e9s\u00e9r\u0151l, adatv\u00e9delemr\u0151l \u00e9s sz\u00fcl\u0151i jogokr\u00f3l. Biztons\u00e1gos, jogszab\u00e1lyos ell\u00e1t\u00e1s.","breadcrumb":{"@id":"https:\/\/kidlife.hu\/eeszt\/#breadcrumb"},"inLanguage":"en-GB","potentialAction":[{"@type":"ReadAction","target":["https:\/\/kidlife.hu\/eeszt\/"]}]},{"@type":"BreadcrumbList","@id":"https:\/\/kidlife.hu\/eeszt\/#breadcrumb","itemListElement":[{"@type":"ListItem","position":1,"name":"Kezd\u0151lap","item":"https:\/\/kidlife.hu\/"},{"@type":"ListItem","position":2,"name":"EESZT"}]},{"@type":"WebSite","@id":"https:\/\/kidlife.hu\/#website","url":"https:\/\/kidlife.hu\/","name":"KidLife","description":"Gyermekpszichol\u00f3gia \u00e9s fejleszt\u00e9s","publisher":{"@id":"https:\/\/kidlife.hu\/#organization"},"potentialAction":[{"@type":"SearchAction","target":{"@type":"EntryPoint","urlTemplate":"https:\/\/kidlife.hu\/?s={search_term_string}"},"query-input":{"@type":"PropertyValueSpecification","valueRequired":true,"valueName":"search_term_string"}}],"inLanguage":"en-GB"},{"@type":"Organization","@id":"https:\/\/kidlife.hu\/#organization","name":"KidLife","url":"https:\/\/kidlife.hu\/","logo":{"@type":"ImageObject","inLanguage":"en-GB","@id":"https:\/\/kidlife.hu\/#\/schema\/logo\/image\/","url":"https:\/\/kidlife.hu\/wp-content\/uploads\/kidlife-fb-profile-02.png","contentUrl":"https:\/\/kidlife.hu\/wp-content\/uploads\/kidlife-fb-profile-02.png","width":1024,"height":1024,"caption":"KidLife"},"image":{"@id":"https:\/\/kidlife.hu\/#\/schema\/logo\/image\/"},"sameAs":["https:\/\/www.facebook.com\/kidlifestudio"]}]}},"_links":{"self":[{"href":"https:\/\/kidlife.hu\/english\/wp-json\/wp\/v2\/pages\/24986","targetHints":{"allow":["GET"]}}],"collection":[{"href":"https:\/\/kidlife.hu\/english\/wp-json\/wp\/v2\/pages"}],"about":[{"href":"https:\/\/kidlife.hu\/english\/wp-json\/wp\/v2\/types\/page"}],"author":[{"embeddable":true,"href":"https:\/\/kidlife.hu\/english\/wp-json\/wp\/v2\/users\/13"}],"replies":[{"embeddable":true,"href":"https:\/\/kidlife.hu\/english\/wp-json\/wp\/v2\/comments?post=24986"}],"version-history":[{"count":10,"href":"https:\/\/kidlife.hu\/english\/wp-json\/wp\/v2\/pages\/24986\/revisions"}],"predecessor-version":[{"id":34910,"href":"https:\/\/kidlife.hu\/english\/wp-json\/wp\/v2\/pages\/24986\/revisions\/34910"}],"wp:attachment":[{"href":"https:\/\/kidlife.hu\/english\/wp-json\/wp\/v2\/media?parent=24986"}],"curies":[{"name":"wp","href":"https:\/\/api.w.org\/{rel}","templated":true}]}}